**2 - 8*q. Determine v(g).
-12
Let a(i) = i**2 + 2*i - 3. Let b be a(-4). Let h(v) = v**2 - 8*v + 6. Give h(b).
-9
Let p(b) = -b**3 - 4*b**2 - 3*b + 8. Let n(r) = r**2 - r. Let x(z) = 2*n(z) - p(z). Let d(s) = s + 1. Let g(k) = -3*d(k) - x(k). Calculate g(-5).
0
Let b(u) = 4*u - 2. Suppose 0 = 2*l + 10, -5*t - l = -3*l. Determine b(t).
-10
Let o be (3 - 3) + 3 - -2. Suppose o*b = -4*i + 27, -b + 24 = 4*b + 3*i. Let f(v) = -2*v + v - 7 + b*v. Give f(5).
3
Let k(v) = -2*v. Let g be ((-45)/18)/(1/(-2)). Suppose -4*n + g = n. Give k(n).
-2
Let q(i) = i**3 - 2*i**2 - 2*i - 1. Suppose -2*a - 12 = -4*k, -5 = -a - k + 1. Calculate q(a).
-5
Let d(t) = 2*t. Let f be (2 + 1)/(27/18). Calculate d(f).
4
Let u(g) = -g**2 + g + 5. Let i be u(4). Let z = i - -9. Suppose 4*w + 0 + 16 = -5*p, p = z*w + 8. Let h(d) = -d**3 - 5*d**2 - 3*d + 1. Determine h(w).
-3
Let s(x) = x**3 - 6*x + 4*x**2 + 5*x + 2*x**2 - 6. Determine s(-6).
0
Let j = -10 - -15. Let w(a) = -a. What is w(j)?
-5
Let o(g) = 0 + 0*g - 1 + g. Let i be o(4). Let b(t) = 3*t**3 + t - 1 - 3*t**i - t**3 - t**2. Determine b(1).
-2
Let m(p) = 2*p**3 - 15*p**2 + 5*p - 19. Let y(a) = a**3 - 8*a**2 + 3*a - 10. Let v(o) = -3*m(o) + 5*y(o). Let r be -1 - (4*-1 - 2). What is v(r)?
7
Suppose 2*q - 12 + 4 = -2*w, 5*w = 4*q + 38. Let t(n) = 7*n - n**3 + w*n**2 + 5 - 7*n. Determine t(6).
5
Let r be (-6)/2*(1 + 0). Let l = -2 - r. Let h = l + 2. Let p(t) = -t**3 + 4*t**2 - 4*t - 1. What is p(h)?
-4
Let t(b) = -b**3 + 3*b**2 + b + 6. Let a(f) = -f**2 + f. Let g(j) = 3*a(j) - t(j). Give g(6).
6
Let f(s) = 6*s**2 + 10*s + 41. Let w(m) = -m**2 - 2*m - 8. Let t(d) = 2*f(d) + 11*w(d). Suppose -3*k + 23 = -4*l, 2*l - 2 = -2*k + 4. Determine t(k).
9
Let p be 64/10 + 18/(-45). Let f(z) = 3*z - 9. Determine f(p).
9
Let t(r) = -13*r - 8. Let i(x) = 7*x + 1. Let y(j) = -1. Let d(k) = -i(k) + 3*y(k). Let l(z) = -11*d(z) + 6*t(z). What is l(-3)?
-1
Let v(y) = -y - 3. Let o be (-2)/(-5) - (-2 - 192/(-30)). What is v(o)?
1
Let t(p) = 1 - 8*p + 3*p + 4*p. Let a be (1 - 1)/((-2)/(-1)). What is t(a)?
1
Let b(r) = 3*r - 7. Suppose 7 - 2 = v. Let m(x) = 7*x - 15. Let z(h) = v*b(h) - 2*m(h). What is z(0)?
-5
Let g(u) be the third derivative of -u**4/4 - u**3/6 - 20*u**2. Give g(-1).
5
Let i = 9 - 6. Suppose 0 = -y - 3*s + s + 10, -i*y - 2 = -2*s. Suppose -3*q = 2*q + 25, 19 = -y*o - 5*q. Let k(v) = 2*v**2 - 3*v - 4. Determine k(o).
5
Suppose -3*k + 0*k = -12. Let r(j) be the first derivative of j**4/4 - 2*j**3/3 - 3*j**2 + 4*j - 19. Give r(k).
12
Let n(b) = -b**2 - 4*b + 4. Suppose 0 = 11*s - 0*s + 44. What is n(s)?
4
Let z(b) be the second derivative of b**4/4 - b**2/2 + 22*b. Calculate z(-2).
11
Let c(z) = -z**2 - 4*z + 4. Let r = 36 + -21. Suppose f - 4*f - r = 0. Calculate c(f).
-1
Suppose 0 = -3*r - 8 + 2. Let u(m) = 0*m**3 + 5*m + m - 2*m**3 + 3 - 3*m. What is u(r)?
13
Suppose -6 = -5*n + 4. Let b(w) = w**2 - 4*w + 3. Give b(n).
-1
Let o(c) be the first derivative of -c**5/20 - 5*c**4/12 + c**3 + c**2/2 + 9*c - 5. Let m(k) be the first derivative of o(k). Determine m(-6).
1
Let w(t) = -2*t**3 - 2*t**2 + 2*t + 1. Suppose 3*r - 41 = -4*y, -11 = -3*y + 2*y - r. Suppose -2*i = 2*i + y. Determine w(i).
5
Let r(j) = -j - 1. Suppose 2*a - 2 = -0. Let y be r(a). Let b(w) = -2*w**3 - 4*w**2 - 2*w + 1. Calculate b(y).
5
Let h(s) = -s - 1. Let k be h(-1). Let f(n) = 1 + 4*n**3 - 3*n**3 - 6*n**2 + 3*n**2. Let o(q) = -2*q**3 + 7*q**2 - 1. Let b(m) = 9*f(m) + 4*o(m). What is b(k)?
5
Suppose -2*x = -0*x - 4. Let n(b) = -2*b - 3*b**3 + 2*b**3 - x*b**2 - 1 - b + 2*b. Give n(-1).
-1
Let x(c) = 5*c**3 + c**2 - 5*c + 3. Let u(m) = 4*m**3 + m**2 - 4*m + 2. Let b(f) = 6*u(f) - 5*x(f). Determine b(0).
-3
Let j(s) = -6 + 5 - 23*s + s**2 + 27*s + 4. Let f be (-7 + 2)*6/15. Give j(f).
-1
Let p(a) = 2*a + 2*a**2 - a**2 + 5*a**2 - a**3. Suppose -18*x + 21*x - 18 = 0. Give p(x).
12
Let w(i) = 7*i**3 + 4*i**2 + 2*i - 1. Let s(b) be the first derivative of b**4/4 + b**2/2 + b - 1. Let y(j) = -6*s(j) + w(j). Give y(-5).
-12
Let f(b) = -b + 1. Let x be (3 + -2)*(-4 - 1). Let s(k) = -3*k - 5. Let j be s(x). Suppose -2*v + j = 2. What is f(v)?
-3
Suppose -5*y = 3 - 23. Let f(n) = -n + 2. Determine f(y).
-2
Let l(v) be the third derivative of v**6/180 + v**5/120 + v**4/6 + 5*v**2. Let w(a) be the second derivative of l(a). Calculate w(1).
5
Let w(v) be the first derivative of -1/3*v**3 + 4*v - 1 - v**2. Let u = 37 + -41. Determine w(u).
-4
Let v = -10 + 15. Let o(r) = r**2 - 6*r - 4. Determine o(v).
-9
Let s be (8/(-12))/(4/6). Let k(g) = -9*g. Determine k(s).
9
Let s(b) be the second derivative of -b**3/6 - 2*b**2 - 20*b. Give s(-5).
1
Let a(y) = 4 - 95*y + 99*y + y**2 - 2*y**2. Determine a(3).
7
Suppose -3*w = 4*w - 35. Suppose b - 5 = -3. Let d(r) = -b - 1 - r**2 + 3*r + 2*r. Determine d(w).
-3
Let f(m) = 4*m**2 - m. Let v be 33/(-1)*1/3. Let q = -10 - v. Calculate f(q).
3
Let l(y) = -y**3 + y**2 - y + 1. Let w be ((-2)/(-6))/(1/18). Let q(h) = -7*h**3 + 5*h**2 - 7*h - 6. Let n(c) = w*l(c) - q(c). Give n(0).
12
Let b(y) be the third derivative of -y**4/3 + 21*y**2. Determine b(-1).
8
Let q(o) = 2 + 4*o - 2 - 6 + o**2 + 3. Give q(-6).
9
Let p be (-12)/9 - 2/(-6). Let v be (p - -2)*(-3 + 1). Let u(i) be the third derivative of i**6/120 + i**4/12 + i**3/3 + 17*i**2. What is u(v)?
-10
Let g(q) = 7*q**3 + 2*q**2 + q. Let r be 2*1/(-6)*-3. Let u be (1 - -1)*r/(-2). Let z = -2 - u. Determine g(z).
-6
Let c = -77 + 78. Let a(v) = 3*v + 1. Calculate a(c).
4
Let c(k) = -2*k - 8. Let p be c(-5). Let m(h) be the first derivative of 0*h**3 - 2*h + 3/2*h**p + 1/4*h**4 + 3. Calculate m(2).
12
Let u(v) = v + 9 + 4*v**3 + 0*v + 7*v**2 + 7*v - 3*v**3. Let q be u(-6). Let y(k) = 2*k - 2*k**3 + 1 - k**3 + 2*k**3 - 2*k**2. Determine y(q).
4
Suppose -6*l = -l. Suppose l = -m + 3*m - 6. Let y(z) = 4*z**2 - 3*z**2 + 7*z + 3 - m*z. Calculate y(-4).
3
Let d(l) = -3*l**2 - 2*l - 1. Let w(o) = -o**2 + 5*o - 6. Let m be w(4). Let b be m + 1*(1 + 0). Give d(b).
-2
Let o(i) = -14 + i**3 + 15 - 6*i**2 + 0*i**3 + i + 5*i**2. What is o(2)?
7
Let d = 3 - 3. Let l be (d + 1)/((-4)/16). Let f(q) = q**3 + 6*q**2 + 5*q - 4. What is f(l)?
8
Let i be ((-6)/(-7) - 0)/((-52)/(-364)). Let f(z) = -z + 5. Give f(i).
-1
Let j(t) be the second derivative of -t**2 + 0 - t + 1/12*t**4 - 1/2*t**3. What is j(4)?
2
Suppose -2*s - 2*s + 8 = 0. Let y(f) = -2*f**s + 3*f - 4*f + f**2 - 4 - 9. Calculate y(0).
-13
Let g = -3 + 5. Let n(f) = 3*f + f**g - 2*f + f. Let u(v) = -v**3 - 2*v**2 + 2*v. Let b be u(-2). Give n(b).
8
Let v(m) = -m**2 + 6*m + 1. Suppose -4*a = -3*j - 40, -4*a + 0*a - 3*j + 16 = 0. Give v(a).
-6
Let p(l) = -l**2 - 3*l - 3. Suppose -18 + 0 = 6*g. Give p(g).
-3
Suppose -3*c + 9 = 15. Let n(g) = -3*g**2 - 4*g - 2. Calculate n(c).
-6
Let h(v) = -v**2 + 8*v - 3. Let n = 43 + -35. Determine h(n).
-3
Suppose 3*j + 5*b = 16, -4*j + b = -j - 4. Suppose -5*x + 2*q + 15 = 0, 4 = x - 4*q + 1. Let m(n) = 5*n**2 - 5*n - 4*n**2 - j - 2 - x. Calculate m(5).
-7
Suppose 4*b + 6 = 14. Let g(n) = 2 + 3*n**2 + 4*n**b + n + 0*n - 1. Give g(-1).
7
Let y = -4 + 3. Let n be (1 - y - 4) + 0. Let q(g) be the second derivative of -g**4/4 - 2*g**3/3 - 3*g**2/2 - 3*g. Determine q(n).
-7
Let w(m) = -m**3 + m**2 - m - 6. Let y(k) = -k**2 + 9*k - 6. Let f be y(8). Let o be 1/(-2) - (-1)/f. What is w(o)?
-6
Let h be (-1)/(-4) - (-7)/(-28)*-11. Let w(m) = 2*m + 1. What is w(h)?
7
Let x be 0 - (-1)/((-5 - -3) + 3). Let u(w) = -w**3 + w**2 - 2*w + 1. Calculate u(x).
-1
Let v(b) be the second derivative of -b**5/20 - b**4/4 + b**3/3 - 2*b**2 - 6*b - 3. What is v(-4)?
4
Let b(n) = -n**2 + 10*n + 15. Let a be b(11). Let g(t) = t**2 - 4*t + 5. Determine g(a).
5
Let w(i) = i - 6. Suppose 0*p - 5*v = -5*p + 30, -2*p = 2*v. Let q be w(p). Let n(x) = 3*x + 1. Determine n(q).
-8
Let t(x) = 2 + 0 - 1 + x**2 - 7*x - 2. Calculate t(6).
-7
Let x = 9 + -7. Let r be 81/6 + x/4. Suppose -w + 10 = w, w - r = -3*m. Let h(v) = 2*v**2 - 2*v - 1. Give h(m).
11
Suppose 0*n - 3*n = -15. Let l(v) = v**2 - 5*v + 5. Calculate l(n).
5
Suppose 0 = 4*u - u - 21. Let x(q) = -q**3 + 6*q**2 + 7*q + 2. Determine x(u).
2
Let v(p) be the first derivative of -p**4/4 - 2*p**3 - 2*p**2 + 6*p + 6. Calculate v(-5).
1
Let t = -40 - -62. Let y(h) = -8*h - 6*h + t*h - 4*h. 